hat is 16 - 3b?
-25
In base 10, what is 0 + 45?
45
In base 7, what is -5 + -11156?
-11164
In base 6, what is -44 - 1?
-45
In base 5, what is 112 + 14?
131
In base 15, what is b3 - -11?
c4
In base 7, what is -4 + 1525?
1521
In base 14, what is 222 + 4?
226
In base 9, what is 1144 - -5?
1150
In base 9, what is -63 - 48?
-122
In base 4, what is -12200 + 1?
-12133
In base 10, what is 6 - -6?
12
In base 13, what is -482 + 16?
-469
In base 16, what is 1ea3 + -4?
1e9f
In base 15, what is -4 - 15ac?
-15b1
In base 2, what is 1001 + 100110010?
100111011
In base 9, what is -34437 + 3?
-34434
In base 6, what is 211 - 5?
202
In base 4, what is -1130 - -2?
-1122
In base 10, what is 0 - -805?
805
In base 3, what is 11 - 100222?
-100211
In base 16, what is 41 + -3b?
6
In base 14, what is -2 - -7d?
7b
In base 5, what is 114 + 11?
130
In base 6, what is -15 - -121?
102
In base 4, what is 3 + -3020?
-3011
In base 13, what is 4 - -9a?
a1
In base 12, what is -5 - -1379?
1374
In base 3, what is -22210 - -11?
-22122
In base 3, what is -111 + 1220?
1102
In base 15, what is c8 + 3?
cb
In base 7, what is -26462 - 1?
-26463
In base 13, what is -64 + -2?
-66
In base 3, what is -22 - 2001?
-2100
In base 8, what is 743 - -41?
1004
In base 6, what is 1 - 11?
-10
In base 10, what is 377 - 3?
374
In base 8, what is -11 - 1125?
-1136
In base 2, what is -10110 - -10100?
-10
In base 7, what is -3 - 452?
-455
In base 14, what is -340a + -5?
-3411
In base 5, what is -23 - 4213?
-4241
In base 9, what is 1 - -17?
18
In base 3, what is 20111 - 1?
20110
In base 9, what is -1252 - -1?
-1251
In base 14, what is 206 - c?
1d8
In base 2, what is -10 + -101111010?
-101111100
In base 14, what is 3 + 275?
278
In base 10, what is 164 + 20?
184
In base 3, what is -1121 + 1112?
-2
In base 15, what is 0 + 345?
345
In base 6, what is -23111 + -5?
-23120
In base 3, what is 11020 + -11?
11002
In base 11, what is -11a6 + 4?
-11a2
In base 4, what is -11 - 1130?
-1201
In base 10, what is 113 + -12?
101
In base 11, what is -705 - -2?
-703
In base 16, what is -1 + -a?
-b
In base 4, what is 10 - 1032?
-1022
In base 9, what is -13 - -27?
14
In base 6, what is 31 + -13?
14
In base 10, what is -851 - 30?
-881
In base 13, what is 39 - -3?
3c
In base 14, what is 25 - -5?
2a
In base 3, what is 22102 - -2?
22111
In base 13, what is -198 - -3?
-195
In base 13, what is -c4 - 0?
-c4
In base 13, what is 205 + 1?
206
In base 16, what is -3 + 1?
-2
In base 15, what is -8 + 10?
7
In base 2, what is -10 - -11011?
11001
In base 10, what is 18 + 14?
32
In base 13, what is 3 - -318?
31b
In base 8, what is 1 - 3642?
-3641
In base 8, what is -561 + -5?
-566
In base 5, what is -10 - -40243?
40233
In base 13, what is 1 - -11c?
120
In base 5, what is -12 + 2321?
2304
In base 14, what is -2b8 + -20?
-2d8
In base 10, what is -2 - 221?
-223
In base 8, what is -34 + -4?
-40
In base 14, what is 3 - -4c?
51
In base 14, what is 0 + 106?
106
In base 15, what is 1d + -21?
-3
In base 3, what is 111 - -22?
210
In base 12, what is -10 - -43?
33
In base 4, what is -122 + -1221?
-2003
In base 11, what is 3 + 45?
48
In base 11, what is 1 - 2348?
-2347
In base 16, what is 1a - -23d?
257
In base 7, what is -104 - 10?
-114
In base 15, what is -148 - -1?
-147
In base 16, what is a + -79?
-6f
In base 5, what is 2320 - -3?
2323
In base 8, what is -1033 - 3?
-1036
In base 2, what is -11 + 1010111110?
1010111011
In base 16, what is d + b?
18
In base 15, what is b9 - 2e?
8a
In base 7, what is -2 + -2155?
-2160
In base 4, what is -20 - 1003?
-1023
In base 5, what is -31 + -22?
-103
In base 6, what is 13 + 1?
14
In base 2, what is 1010011 - 1101?
1000110
In base 7, what is 4 + 134?
141
In base 10, what is 1416 - 3?
1413
In base 5, what is 2041 + 11?
2102
In base 9, what is -5 - 785?
-801
In base 5, what is 1 - -300?
301
In base 16, what is -9 - c?
-15
In base 6, what is 2135 + 13?
2152
In base 2, what is 10 + -10010?
-10000
In base 14, what is -2d + 0?
-2d
In base 7, what is 1203 - 3?
1200
In base 4, what is -21032 + 201?
-20231
In base 11, what is 1a + 13?
32
In base 13, what is 427 - -3?
42a
In base 9, what is 226 + -1?
225
In base 12, what is -6 - 8?
-12
In base 16, what is 3f2 + 5?
3f7
In base 11, what is 15 - -3?
18
In base 3, what is 221010 - 12?
220221
In base 7, what is 3 + 346?
352
In base 4, what is -2101 - -2?
-2033
In base 10, what is -3 - -817?
814
In base 16, what is 5 + 50?
55
In base 5, what is -44144 - 3?
-44202
In base 2, what is -1100000 + -111?
-1100111
In base 7, what is -311 - -1?
-310
In base 12, what is -628 - -5?
-623
In base 14, what is 0 + 38?
38
In base 13, what is 7 + 5?
c
In base 11, what is 4 + 18?
21
In base 5, what is -1104 - 21?
-1130
In base 14, what is -105 - -6b?
-78
In base 8, what is 4 + 60?
64
In base 14, what is -3a + -4c?
-88
In base 13, what is -11 + 34c?
33b
In base 5, what is -11 + 34410?
34344
In base 4, what is 1101 + -103?
332
In base 2, what is 101 - 101101?
-101000
In base 11, what is 0 - -7a?
7a
In base 8, what is -4011 - 5?
-4016
In base 15, what is -ace + -1?
-ad0
In base 3, what is 0 - 12110?
-12110
In base 6, what is -1224 - 10?
-1234
In base 4, what is -32303 - -10?
-32233
In base 8, what is 1733 + 36?
1771
In base 15, what is -2 + 23?
21
In base 11, what is -1890 + 4?
-1887
In base 8, what is 3 - 23?
-20
In base 2, what is 100000010001 + -10?
100000001111
In base 6, what is 3 - 2323?
-2320
In base 15, what is -4 - -2bb?
2b7
In base 8, what is 1 + -523?
-522
In base 9, what is -4 - -31?
26
In base 7, what is 2 - -4022?
4024
In base 12, what is 1b3 - -23?
216
In base 10, what is 5 - 460?
-455
In base 11, what is -99 - 6?
-a4
In base 11, what is 7 - 100?
-a4
In base 7, what is -4523 + -2?
-4525
In base 13, what is 2 - -240?
242
In base 16, what is -6 + 91?
8b
In base 3, what is -2 - -1001?
222
In base 15, what is 5 - b8?
-b3
In base 4, what is 3 + -11022?
-11013
In base 4, what is -2001 + 3?
-1332
In base 3, what is 10 - 111?
-101
In base 12, what is -7 - -1a6?
19b
In base 15, what is e + 82?
91
In base 7, what is -1 + 53?
52
In base 11, what is a - 400?
-3a1
In base 11, what is -1 - 579?
-57a
In base 5, what is -10342 + 2?
-10340
In base 8, what is 6 - -43?
51
In base 14, what is -3 - -2139?
2136
In base 8, what is -70 + 2?
-66
In base 2, what is 100010 + 1100?
101110
In base 14, what is -4b - -1?
-4a
In base 13, what is -6 + -19?
-22
In base 15, what is -2 - -d5?
d3
In base 12, what is 32b - -1?
330
In base 10, what is -275 - -1?
-274
In base 16, what is -9 - -c?
3
In base 16, what is ae3f + 2?
ae41
In base 12, what is 2 + -1b1?
-1ab
In base 2, what is 1111010 + 1000?
10000010
In base 10, what is 62 + -1?
61
In base 16, what is 5 - 24c?
-247
In base 4, what is -11 - -11103?
11032
In base 10, what is 59 + -3?
56
In base 2, what is -100 + -111010011?
-111010111
In base 6, what is 1 - 525?
-524
In base 8, what is -15 + -432?
-447
In base 16, what is 4 + 1e4?
1e8
In base 6, what is 25 - -3?
32
In base 11, what is 2723 - -4?
2727
In base 11, what is -3 + -427?
-42a
In base 16, what is 1 - ea3?
-ea2
In base 14, what is 19 + -3c?
-23
In base 3, what is -10 - 1010?
-1020
In base 5, what is 23313 + 4?
23322
In base 16, what is 5 - -2a?
2f
In base 15, what is -4 + -2c?
-31
In base 13, what is -30 - -3?
-2a
In base 10, what is 29 + -38?
-9
In base 15, what is 4 + 2d?
32
In base 8, what is -1627 + -4?
-1633
In base 5, what is -1 - -213?
212
In base 3, what is -2220011 + 1?
-2220010
In base 2, what is 101101011 - 1?
101101010
In base 15, what is 5e1 + 5?
5e6
In base 3, what is 2 + -10212?
-10210
In base 5, what is 2 + -1034?
-1032
In base 5, what is -10 - -430?
420
In base 8, what is -343 + -2?
-345
In base 11, what is -3 - -39?
36
In base 7, what is -55631 - -4?
-55624
In base 3, what is -2 + -21000000?
-21000002
In base 14, what is -18 + -276?
-290
In base 2, what is -1100 + -10010010?
-10011110
In base 4, what is 3 - -220?
223
In base 16, what is -1c - -2?
-1a
In base 6, what is 52 + 4?
100
In base 9, what is -354 + 2?
-352
In base 5, what is -2031 + 3?
-2023
In base 16, what is -11c - 1?
-11d
In base 6, what is -1 + 124?
123
In base 12, what is 727 - b?
718
In base 4, what is 33203 + -2?
33201
In base 7, what is -1 - -101?
100
In base 16, what is 16f + 6?
175
In base 4, what is -2312 + -20?
-2332
In ba